tiple of 3?
True
Let v = 4 + 1. Suppose -5*y + 4*g - 3 = -13, v*y + 4*g = 10. Suppose -4*c + 68 = 4*j, 6*c = -3*j + y*c + 54. Is 14 a factor of j?
True
Let y be -3*(-1)/3 - -2. Suppose -p - 9 = -y*r, 3*r - 3*p - 3 = 12. Suppose -r*o = m - 16, -13 = -3*o + 2*o - 3*m. Is 7 a factor of o?
True
Let f(u) = u**3 + 3*u**2 + 9*u + 4. Let h(v) = v**2 - 1. Let b(k) = f(k) + 4*h(k). Let q be b(-6). Let a = q - -30. Is 12 a factor of a?
True
Let c = 18 + -12. Let i(p) = -c + 3*p - 8*p - 1 + 0. Is 9 a factor of i(-6)?
False
Let o be ((-30)/(-40))/((-2)/(-8)). Suppose -52 = -o*s + s. Does 9 divide s?
False
Let g(v) = v**3 - 5*v**2 - 3*v - 7. Let i be g(6). Suppose y - i = -2. Is 3 a factor of y?
True
Let a(r) = r**3 - 9*r**2 - r + 11. Let f be a(9). Let n be f/(15/9 - 1). Suppose h + 18 = n*g - 4, 16 = 2*g - h. Is g a multiple of 3?
True
Suppose -2*u - 2 = 6. Let i(d) = d**3 + 4*d**2 - 5*d + 3. Let y be i(u). Let c = y + -13. Does 5 divide c?
True
Suppose -48 - 41 = -2*c - 5*q, -4*c + 2*q = -214. Does 26 divide c?
True
Suppose 7*x - 3*x = 460. Let l = x - 32. Is 14 a factor of l?
False
Let p be 10*1*(-4)/(-4). Suppose -p = 2*o - 34. Is o a multiple of 9?
False
Let o(g) = -g**3 + 7*g**2 + g. Let c be o(7). Suppose -5*z + c = -53. Is z a multiple of 12?
True
Let d = 73 + -52. Suppose -z - 13 = -4*u - 2, 4*u + z - d = 0. Suppose o + 180 = u*o. Is 19 a factor of o?
False
Suppose v + 3*v = 2*a + 170, -5*v + 3*a = -210. Is v a multiple of 15?
True
Let t be 1/(-3)*(-9)/1. Suppose t*y + 3 = -2*p, 3*y + 2*p = 4*p - 3. Does 12 divide 12/(-10)*(y - 19)?
True
Suppose 0 = -5*f + 2*o + 228, 2*o - 94 = -f - f. Is 9 a factor of f?
False
Suppose 0 = -5*k + 25 - 0. Suppose -4*h - k*c + 156 = 0, 4*c - 3*c + 224 = 5*h. Does 19 divide h?
False
Suppose -2*q + 5*q = 57. Does 19 divide q?
True
Suppose 0 = 7*b + 20 - 62. Is 2 a factor of b?
True
Let l = -2 + 1. Let i = 49 + -35. Let b = i - l. Is 15 a factor of b?
True
Let q(y) = -3*y + 3. Let k(f) = -f - 8. Let g be k(-4). Is q(g) a multiple of 13?
False
Suppose -r - 2 - 4 = 0. Is (-14)/3*9/r a multiple of 7?
True
Suppose -2*y - 15 = 1. Let w(h) = -h**2 - 12*h - 5. Is 8 a factor of w(y)?
False
Suppose -2*q = a - 112, -3*a + 4*q + 382 - 56 = 0. Is a a multiple of 22?
True
Suppose 4*v + 11 = 3*p + 35, 0 = 5*v + 2*p - 30. Suppose -z + v - 1 = 0. Is z even?
False
Is (-5)/(-20) + 1303/4 a multiple of 9?
False
Let p(j) = 38*j + 4. Let a be p(4). Suppose -c - c = a. Let k = 110 + c. Is 12 a factor of k?
False
Suppose -4*s = c + 1, -4*c - 39 - 1 = 4*s. Let i = 16 - 21. Let n = i - c. Is 3 a factor of n?
False
Let t(h) = -2*h**3 + 12*h**2 + 13*h + 7. Let u(g) = g**3 - 11*g**2 - 12*g - 7. Let w(y) = -2*t(y) - 3*u(y). Does 18 divide w(-7)?
False
Let k = 192 - 3. Is k a multiple of 14?
False
Let q be 24/(2/((-16)/12)). Let h = -11 - q. Does 3 divide h?
False
Let d(f) = 4*f**2 + 3. Let h be d(2). Suppose 2*c + 3 = h. Does 4 divide c?
True
Let y be 1/(-2) - 33/(-6). Let z = -2 + y. Suppose -z*p + 20 = -1. Is 5 a factor of p?
False
Let o(w) = 6*w - 1. Let z = -13 + 15. Does 11 divide o(z)?
True
Let y = -9 + 9. Let l(f) = -f**3 - f - 11. Let b be l(y). Let j = b + 23. Is 4 a factor of j?
True
Let g(o) = -7*o**2 + 8*o + 1. Let m(h) = 4*h**2 - 4*h - 1. Let v(i) = -3*g(i) - 5*m(i). Is v(6) a multiple of 7?
True
Let u(z) = z**3 + 14*z**2 - 20*z - 3. Let y be u(-15). Suppose 4*w - y = -0*w. Is w a multiple of 9?
True
Suppose z + 2*z - 288 = -4*y, 0 = 5*z - 2*y - 480. Is z a multiple of 5?
False
Let m be 16/6 + (-1)/(-3). Let v = 55 + -32. Suppose v = 2*n + m. Is n a multiple of 5?
True
Suppose 0 = 3*k - 12. Suppose 88 - 248 = -5*m. Is ((-6)/(-4))/(k/m) a multiple of 8?
False
Suppose -2*a + 3 = a. Suppose -4*b - b = 0. Is 12 a factor of 14 + -3 + a - b?
True
Let k(a) = 40 + a + 37 - 19 - 7. Is 17 a factor of k(0)?
True
Let m be (-182)/(-3) + (-2)/3. Suppose 2*d + m = 7*d. Is 6 a factor of d?
True
Suppose -8*q + 622 + 26 = 0. Does 27 divide q?
True
Suppose v + 17 = 23. Does 3 divide v?
True
Suppose 3*c = 2*c + 40. Suppose -c = -4*h - 8. Is (h - -2)/(1/2) a multiple of 10?
True
Suppose 4 = -5*i - 2*l, -3*l - 3 = 3*i + 3. Let q = i - -8. Does 4 divide q?
True
Is 4 + -1 + 67 + -4 a multiple of 11?
True
Suppose 0 = -a - 4*a. Suppose a = -7*n + 4*n + 24. Suppose -4*b + n + 96 = 0. Is b a multiple of 16?
False
Suppose 0 = -5*s + 4*t + 90, 0*t = s - 3*t - 18. Does 6 divide s?
True
Let k be 8/12*(2 - -1). Suppose k*p = 4*p + 24. Is 2*(-21)/p*2 a multiple of 7?
True
Let r(s) = 23*s + 6. Let n be r(6). Suppose 3*p + 31 - 222 = -5*v, 4*v - 2*p = n. Does 14 divide v?
False
Suppose 5*b - 6 = 14. Suppose -2*s = b*a - 244, 0 = 2*a + 3*s - 18 - 100. Suppose -2*i - i + 5*l + a = 0, i = -3*l + 2. Is i a multiple of 7?
True
Let x(o) = o**3 + 7*o**2 + 7*o - 1. Let p be -4 - 0 - (0 + 1). Is 6 a factor of x(p)?
False
Suppose 2*f = -f + 6. Suppose f*q + 7 - 1 = 0. Is 54 - (-4)/(4/q) a multiple of 16?
False
Let m(s) = 3*s - 3. Suppose -h - 5*l + 24 = -3, -2*h - 11 = -3*l. Let b be m(h). Suppose -b*w + 24 = -0*w. Is 8 a factor of w?
True
Let u(g) = -20*g - 7. Let y(i) = i + 1. Let b(w) = -u(w) - 6*y(w). Let m be (1/(-3))/((-4)/60). Is b(m) a multiple of 26?
False
Let c(g) = -5*g**2 + 17*g**3 - 18*g**3 - 3 - 4 - 7*g. Suppose 3*p + 5 = 2*p. Is c(p) a multiple of 13?
False
Let b = 22 - 13. Let a(u) = u**3 - 10*u**2 + 13*u - 4. Let v be a(b). Suppose 5*d - 2*z - v = -4*z, 0 = -3*d - 5*z + 4. Does 7 divide d?
False
Let b(t) = -2*t**3 - 3*t**2 + 1. Let w be b(-2). Suppose -80 = -w*x + 3*y, -2*x + 16 = -y - 15. Is 8 a factor of x?
False
Suppose 17 + 8 = r. Suppose -2*h + 0*h = -5*i - 13, i + 9 = 2*h. Let l = r - h. Is l a multiple of 10?
False
Let z = 64 + -46. Is 15 a factor of z?
False
Suppose 3*j - 4*j = 0. Let p = 0 - j. Let f(c) = -c**2 - c + 11. Is 4 a factor of f(p)?
False
Suppose 5*k - 11*k + 240 = 0. Is 10 a factor of k?
True
Suppose -2*s - 2*t = 2, 0 = -s - 5*t - 6 - 3. Let h(k) = 5*k**2 + k - 1. Does 2 divide h(s)?
False
Let q = 310 + -98. Suppose q = 7*k - 82. Is 11 a factor of k?
False
Let p(d) = 20*d**2 + d + 2. Let q be p(-3). Suppose 2*z + 2*i - 58 = 0, -43 = 5*z - 4*i - q. Is z a multiple of 14?
True
Let x(i) = -6 + i + 0 + 4. Does 8 divide x(10)?
True
Suppose g - 5*n = 63, 2*g - 5*n = 3*g - 63. Is 7 a factor of g?
True
Does 12 divide (-164)/(-6) + (-2)/6?
False
Let p be (10 - 1)/3 + -1. Let v(h) = -h**3 + 2*h**2 + 4*h - 2. Let r be v(3). Suppose -r + 4 = j - p*s, 0 = -2*j - s + 31. Is j a multiple of 13?
True
Suppose 0*p + 4*h + 19 = p, 0 = 2*p + h - 20. Let i(z) = -z**3 + 13*z**2 - 13*z - 15. Is 32 a factor of i(p)?
False
Let j(g) = -g**3 + 8*g**2 + g + 5. Let f(b) = -4*b**3 + 32*b**2 + 5*b + 20. Let m(z) = 2*f(z) - 9*j(z). Let v be m(8). Suppose v*d = 28 + 65. Does 12 divide d?
False
Let l(y) = 517*y**2 - 6*y + 7. Is 20 a factor of l(1)?
False
Suppose -3*l = -5*v + 191, -2*v = 2*v + 8. Is l/(-5) - 6/15 a multiple of 13?
True
Let l be ((-3)/(-2))/(2/4). Is 7 a factor of 28/l*(-18)/(-12)?
True
Suppose 89*d - 87*d - 72 = 0. Is d even?
True
Let a(u) = -u + 1. Let z(n) = 2*n + 3. Let p(h) = 2*a(h) - z(h). Does 7 divide p(-2)?
True
Is (417/(-6))/(5/(-10)) a multiple of 22?
False
Let g(y) = -y**2 + y + 2. Let z be g(2). Suppose 0 = t - z*t - 16. Is 5 a factor of t?
False
Suppose 2*h = -3*j - 1, -h + 3*j = -0*j + 23. Suppose -3*p + p = -42. Let v = p + h. Does 13 divide v?
True
Let c = 14 - 9. Let v(g) = -g**3 + g**2 + g + 1. Let m(t) = -6*t**3 + 10*t**2 + 9*t + 2. Let a(x) = m(x) - 5*v(x). Is 6 a factor of a(c)?
False
Let a(i) be the first derivative of -1/3*i**3 + 7*i + 3 - 7/2*i**2. Is 8 a factor of a(-5)?
False
Suppose -2*r - r + 99 = 0. Is r a multiple of 13?
False
Let x = -5 - -7. Suppose x*s = -0*s. Let f = s + 4. Does 2 divide f?
True
Let z(p) = p**3 - 7*p**2 - 8*p. Let l be z(8). Suppose -2*t + 6*t - 180 = l. Does 9 divide t?
True
Let y = 25 - 10. Let q(x) = x - 2. Let o be q(-2). Let l = y + o. Is 6 a factor of l?
False
Let t(u) = u**3 - 8*u**2 + 9*u + 6. Let d be 7 + (0 + -1 - -1). Is 10 a factor of t(d)?
True
Does 38 divide (184/(-24))/(1/(-6))?
False
Let y = 0 + 3. Suppose 4*x = 3*x + y. Does 3 divide x?
True
Suppose -x + 3*p - 5 = 0, 5*x - x + 3*p = 25. Suppose 0 = -x*h - 23 + 83. Is h a multiple of 12?
False
Let v(a) = 4*a**2 + 6*a + 10. Is v(-4) a mult